{"id":570,"date":"2023-08-28T19:53:38","date_gmt":"2023-08-28T19:53:38","guid":{"rendered":"https:\/\/www.itu.int\/initiatives\/sdgdigital\/?page_id=570"},"modified":"2024-06-28T08:13:52","modified_gmt":"2024-06-28T08:13:52","slug":"prosperity","status":"publish","type":"page","link":"https:\/\/www.itu.int\/initiatives\/sdgdigital\/gamechangers-award\/prosperity\/","title":{"rendered":"Prosperity"},"content":{"rendered":"    <section>\n    <div class=\"text-section\">\n        <div class=\"ituContainer grid\">\n                                        <div class=\"text-section-left\" data-span=\"8\">\n                        <h2 class=\"h3\">\n        Category 3: Prosperity &#8211; <strong>Promoting economic growth<\/strong>    <\/h2>\n                        <p>\n        Digital projects, applications, and policies can spur economic growth, job creation, and sustainable infrastructure development.    <\/p>\n                        <p>\n        <strong>Category 4: Peace \u2013 Building peaceful and inclusive societies<\/strong><br><br><strong>Building Peaceful and Inclusive Societies<\/strong><br>This category aims to leverage the power of ICTs to build peaceful, just, and inclusive societies while highlighting the importance of international collaboration. It recognizes the transformative power of digital in strengthening governance structures, promoting transparency, and facilitating cooperation among diverse stakeholders.<br>Submissions for this category may include but are not limited to ICT projects, applications or policies that promote:    <\/p>\n                    <div class=\"ituContainer\">\n<ul class=\"wp-block-list\"><div class=\"ituContainer\">\n<li>Peacebuilding and Conflict Resolution, leveraging digital to promote peacebuilding efforts, conflict prevention, and resolution, fostering social cohesion and harmony within communities and societies<\/li>\n<\/div>\n\n<div class=\"ituContainer\">\n<li>Access to Justice, highlighting initiatives that utilize ICTs to improve access to justice, enhance legal systems ensuring equal rights and protection for all individuals<\/li>\n<\/div>\n\n<div class=\"ituContainer\">\n<li>Transparency, recognizing initiatives that promote good governance and transparency, through digital platforms, enabling citizens to engage with institutions<\/li>\n<\/div>\n\n<div class=\"ituContainer\">\n<li>Data-driven Decision Making, highlighting initiatives that harness data and digital technologies to inform evidence-based policymaking, improve public service delivery, and strengthen decision-making processes at local, national, and international levels<\/li>\n<\/div><\/ul>\n<\/div>            <\/div>\n                                        <div class=\"text-section-right data-span-override\" data-span=\"4\">\n                    <div class=\"ituContainer\">\n<figure class=\"wp-block-image size-large\"><img loading=\"lazy\" decoding=\"async\" width=\"1024\" height=\"623\" src=\"https:\/\/www.itu.int\/initiatives\/sdgdigital\/wp-content\/uploads\/sites\/2\/2023\/08\/Gamechangers-Award-Prosperity-1024x623.png\" alt=\"SDG Digital GameChangers Award Category 3: Prosperity\" class=\"wp-image-568\" srcset=\"https:\/\/www.itu.int\/initiatives\/sdgdigital\/wp-content\/uploads\/sites\/2\/2023\/08\/Gamechangers-Award-Prosperity-1024x623.png 1024w, https:\/\/www.itu.int\/initiatives\/sdgdigital\/wp-content\/uploads\/sites\/2\/2023\/08\/Gamechangers-Award-Prosperity-300x183.png 300w, https:\/\/www.itu.int\/initiatives\/sdgdigital\/wp-content\/uploads\/sites\/2\/2023\/08\/Gamechangers-Award-Prosperity-768x468.png 768w, https:\/\/www.itu.int\/initiatives\/sdgdigital\/wp-content\/uploads\/sites\/2\/2023\/08\/Gamechangers-Award-Prosperity.png 1158w\" sizes=\"auto, (max-width: 1024px) 100vw, 1024px\" \/><figcaption class=\"wp-element-caption\">Category 3: Prosperity<\/figcaption><\/figure>\n<\/div>            <\/div>\n                            <\/div>\n        <\/div>\n    <\/section>\n\n\n    <section>\n    <div class=\"text-section\">\n        <div class=\"ituContainer grid\">\n                                        <div class=\"text-section-left\" data-span=\"8\">\n                        <h3 class=\"h5\">\n        Related SDGs    <\/h3>\n                        <p>\n        Goal 8: Decent Work and Economic Growth<br>Goal 9: Industry, Innovation, and Infrastructure<br>Goal 17: Partnerships for the Goals    <\/p>\n            <\/div>\n                                        <div class=\"text-section-right data-span-override\" data-span=\"4\">\n            <\/div>\n                            <\/div>\n        <\/div>\n    <\/section>\n\n\n    <section>\n        <div class=\"ituContainer tabHeader grid nogap\">\n                            <div class=\"ituCard alt tabTitle\" data-span=\"4\" data-target=\"0\">\n                    Winner                <\/div>\n                            <div class=\"ituCard tabTitle\" data-span=\"4\" data-target=\"1\">\n                    Runner-up                <\/div>\n                            <div class=\"ituCard tabTitle\" data-span=\"4\" data-target=\"2\">\n                    Finalists                <\/div>\n                    <\/div>\n        <div class=\"ituContainer\">\n            <div class=\"ituTabsContent\">\n                                    <div class=\"tabContent \" data-tab=\"0\">\n                        Project Name: <strong>ekShop<\/strong><br>Organization: <strong>a2i programme, ICT Division, Bangladesh<\/strong><br>Stakeholder Type: <strong>Government<\/strong><br><br>ekShop is the First rural e-commerce platform in Bangladesh, helping producers in rural areas and the thousands of marginal entrepreneurs and SMEs to be able to sell their goods in and outside the country using the e-commerce marketplace. The marketplace incorporates all the major and trusted e-commerce, payments and logistic players into one platform through API and acts as a national e-commerce facilitator and infrastructure backbone. Entrepreneurs can go to government-run digital centres around the country to learn how to upload data and information of their products (capacity building)<br><br><span style=\"text-decoration: underline;\">Impact:<\/span> integrated major e-commerce companies, connecting 180k micro-merchants and serving 8M consumers.<br>                    <\/div>\n                                    <div class=\"tabContent visually-hidden\" data-tab=\"1\">\n                        Project Name: <strong>TradeTrust<\/strong><br>Organization: <strong>Infocomm Media Development Authority, Singapore<\/strong><br>Stakeholder Type: <strong>Government<\/strong><br><br>TradeTrust allows end users to endorse, exchange and verify documents and effect title transfer across different digital platforms seamlessly.<br><br>TradeTrust can be utilised to digitalise two categories of documents used in cross-border trade: Verifiable Documents such as the Certificate of Origin where the provenance and authenticity of the e-document can be easily verified by any party; and Transferable Documents such as Bill of Lading where the e-document\u2019s title ownership can be transferred from one party to another Useful for processes, such as shipping lines, shippers\/consignees, logistics service providers, financial institutions providing trade financing services, trade and logistics related platform providers and government authorities involved in cross-border shipment clearances.                    <\/div>\n                                    <div class=\"tabContent visually-hidden\" data-tab=\"2\">\n                        <strong>Mty Digital +<br><\/strong>Municipipality of Monterrey, Mexico \u2014\u00a0<em>[Government]<\/em><br><strong>DIGITAL EDUCATION 4\u00a0 SDG- SUSTAINABLE DEVELOPMENT GOALS<br><\/strong>HETAVED SKILLS ACADEMY FOR INNOVATIONS AND ENTREPRENEURSHIP, Nigeria \u2014\u00a0<em>[Academia\/ Technical Community]<\/em><br><strong>TradeTrust \u2013 Transform the Way You Trade<br><\/strong>Infocomm Media Development Authority, Singapore \u2014\u00a0<em>[Government]<\/em><br><strong>TASMU Smart Qatar \u2013 TASMU Platform<br><\/strong>MCIT\/TASMU, Qatar \u2014\u00a0<em>[Government]<\/em><br><strong>Humanly about technology \/ Cilv\u0113c\u012bgi par tehnolo\u0123ij\u0101m<br><\/strong>Riga TechGirls, Biedr\u012bba, Latvia \u2014\u00a0<em>[Civil Society]<\/em><br><strong>Regulatory Sandbox and the Innovation Licence<br><\/strong>Telecommunications Regulatory Authority, Bahrain \u2014\u00a0<em>[Government]<\/em><br><strong>Localising international education to the Arab World<br><\/strong>ADRI \u2013 Arabic Digital Research Institution, New Zealand \u2014\u00a0<em>[Private Sector]<\/em><br><strong>CSA \u2013 a One Stop Center<br><\/strong>Tech &amp; Media Convergency (TMC), United Republic of Tanzania \u2014\u00a0<em>[Private Sector]<\/em><br><strong>ekShop<br><\/strong>Aspire to Innovate (a2i) programme of the ICT Division, Cabinet Division of People\u2019s Republic of Bangladesh and supported by UNDP Bangladesh, Bangladesh \u2014\u00a0<em>[Government]<\/em><br><strong>Trust Valley<br><\/strong>Trust Valley \/ EPFL Innovation Park, Switzerland \u2014\u00a0<em>[Private Sector]<\/em>                    <\/div>\n                            <\/div>\n        <\/div>\n    <\/section>\n    <script>\n        document.addEventListener(\n            'DOMContentLoaded',\n            () => {\n                const tabs = document.querySelectorAll('.tabTitle');\n                const tabsContent = document.querySelectorAll('.tabContent');\n                tabs.forEach(tab => {\n                    tab.addEventListener('click', () => {\n                        tabs.forEach(tab => {\n                            tab.classList.remove('alt');\n                        });\n                        tab.classList.add('alt');\n                        tabsContent.forEach(tabContent => {\n                            tabContent.classList.add('visually-hidden');\n                        });\n                        const target = tab.getAttribute('data-target');\n                        const tabContent = document.querySelector(`[data-tab=\"${target}\"]`);\n                        tabContent.classList.remove('visually-hidden');\n                    });\n                });\n            })\n    <\/script>\n\n\n    <section>\n    <div class=\"text-section\">\n        <div class=\"ituContainer grid\">\n                                        <div class=\"text-section-left\" data-span=\"8\">\n                        <h2 class=\"h3\">\n        Jury members    <\/h2>\n            <\/div>\n                                        <div class=\"text-section-right data-span-override\" data-span=\"4\">\n            <\/div>\n                            <\/div>\n        <\/div>\n    <\/section>\n","protected":false},"excerpt":{"rendered":"","protected":false},"author":11,"featured_media":0,"parent":543,"menu_order":30,"comment_status":"closed","ping_status":"closed","template":"obsolete-templates\/page-submenu.php","meta":{"footnotes":""},"class_list":["post-570","page","type-page","status-publish","hentry"],"_links":{"self":[{"href":"https:\/\/www.itu.int\/initiatives\/sdgdigital\/wp-json\/wp\/v2\/pages\/570","targetHints":{"allow":["GET"]}}],"collection":[{"href":"https:\/\/www.itu.int\/initiatives\/sdgdigital\/wp-json\/wp\/v2\/pages"}],"about":[{"href":"https:\/\/www.itu.int\/initiatives\/sdgdigital\/wp-json\/wp\/v2\/types\/page"}],"author":[{"embeddable":true,"href":"https:\/\/www.itu.int\/initiatives\/sdgdigital\/wp-json\/wp\/v2\/users\/11"}],"replies":[{"embeddable":true,"href":"https:\/\/www.itu.int\/initiatives\/sdgdigital\/wp-json\/wp\/v2\/comments?post=570"}],"version-history":[{"count":0,"href":"https:\/\/www.itu.int\/initiatives\/sdgdigital\/wp-json\/wp\/v2\/pages\/570\/revisions"}],"up":[{"embeddable":true,"href":"https:\/\/www.itu.int\/initiatives\/sdgdigital\/wp-json\/wp\/v2\/pages\/543"}],"wp:attachment":[{"href":"https:\/\/www.itu.int\/initiatives\/sdgdigital\/wp-json\/wp\/v2\/media?parent=570"}],"curies":[{"name":"wp","href":"https:\/\/api.w.org\/{rel}","templated":true}]}}