{"id":3807,"date":"2024-12-05T16:24:54","date_gmt":"2024-12-05T16:24:54","guid":{"rendered":"https:\/\/www.itu.int\/cities\/?page_id=3807"},"modified":"2025-08-28T09:07:05","modified_gmt":"2025-08-28T09:07:05","slug":"year-of-impact-sg-20","status":"publish","type":"page","link":"https:\/\/www.itu.int\/cities\/year-of-impact-sg-20\/","title":{"rendered":"Year of Impact &#8211; SG 20"},"content":{"rendered":"<div class=\"ituContainer\">\n<div class=\"wp-block-cover\" style=\"min-height:400px;aspect-ratio:unset;\"><img loading=\"lazy\" decoding=\"async\" width=\"2048\" height=\"1280\" class=\"wp-block-cover__image-background wp-image-75\" alt=\"\" src=\"https:\/\/www.itu.int\/cities\/wp-content\/uploads\/2022\/09\/shutterstock_1819707008-2048x1280-1.jpg\" data-object-fit=\"cover\" srcset=\"https:\/\/www.itu.int\/cities\/wp-content\/uploads\/2022\/09\/shutterstock_1819707008-2048x1280-1.jpg 2048w, https:\/\/www.itu.int\/cities\/wp-content\/uploads\/2022\/09\/shutterstock_1819707008-2048x1280-1-300x188.jpg 300w, https:\/\/www.itu.int\/cities\/wp-content\/uploads\/2022\/09\/shutterstock_1819707008-2048x1280-1-1024x640.jpg 1024w, https:\/\/www.itu.int\/cities\/wp-content\/uploads\/2022\/09\/shutterstock_1819707008-2048x1280-1-768x480.jpg 768w, https:\/\/www.itu.int\/cities\/wp-content\/uploads\/2022\/09\/shutterstock_1819707008-2048x1280-1-1536x960.jpg 1536w\" sizes=\"auto, (max-width: 2048px) 100vw, 2048px\" \/><span aria-hidden=\"true\" class=\"wp-block-cover__background has-black-background-color has-background-dim-60 has-background-dim\"><\/span><div class=\"wp-block-cover__inner-container is-layout-constrained wp-block-cover-is-layout-constrained\"><div class=\"ituContainer\">\n<div class=\"wp-block-columns is-layout-flex wp-container-core-columns-is-layout-8f761849 wp-block-columns-is-layout-flex\"><div class=\"ituContainer\">\n<div class=\"wp-block-column is-vertically-aligned-center is-layout-flow wp-block-column-is-layout-flow\"><div class=\"ituContainer\">\n<h2 class=\"wp-block-heading has-text-align-center has-white-color has-text-color has-link-color has-large-font-size wp-elements-8bc274afa5c4e8ead031e971af6dd86b\">ITU-T Study Group 20: Internet of Things, digital twins, and smart sustainable cities and communities<\/h2>\n<\/div>\n\n<div class=\"ituContainer\">\n<p class=\"has-text-align-center has-white-color has-text-color has-link-color wp-elements-4619a4bd5dd1f488a1dd9c145c504c02 wp-block-paragraph\">2024 has been an impactful year for ITU-T Study Group 20 (SG20), with the group spearheading initiatives addressing the ever-growing demands of IoT, digital twins, and smart sustainable cities and communities.<\/p>\n<\/div><\/div>\n<\/div><\/div>\n<\/div>\n\n<div class=\"ituContainer\">\n<div class=\"wp-block-columns is-layout-flex wp-container-core-columns-is-layout-8f761849 wp-block-columns-is-layout-flex\"><div class=\"ituContainer\">\n<div class=\"wp-block-column is-vertically-aligned-center is-layout-flow wp-block-column-is-layout-flow\"><\/div>\n<\/div>\n\n<div class=\"ituContainer\">\n<div class=\"wp-block-column is-vertically-aligned-center is-layout-flow wp-block-column-is-layout-flow\"><div class=\"ituContainer\">\n<div class=\"wp-block-buttons is-content-justification-center is-layout-flex wp-container-core-buttons-is-layout-fe48e5de wp-block-buttons-is-layout-flex\"><div class=\"ituContainer\">\n<div class=\"wp-block-button\"><a class=\"wp-block-button__link has-vivid-cyan-blue-background-color has-background has-medium-font-size has-custom-font-size wp-element-button\" href=\"https:\/\/itu.int\/go\/tsg20\" style=\"border-radius:12px\" target=\"_blank\" rel=\"noopener\"><strong>Visit the website<\/strong><\/a><\/div>\n<\/div><\/div>\n<\/div><\/div>\n<\/div>\n\n<div class=\"ituContainer\">\n<div class=\"wp-block-column is-vertically-aligned-center is-layout-flow wp-block-column-is-layout-flow\"><\/div>\n<\/div><\/div>\n<\/div><\/div><\/div>\n<\/div>\n\n    <div class=\"ituContainer grid\">\n        <div data-span=\"12\">\n                            <div class=\"ituContainer\">\n<div class=\"wp-block-columns has-white-background-color has-background is-layout-flex wp-container-core-columns-is-layout-8f761849 wp-block-columns-is-layout-flex\"><div class=\"ituContainer\">\n<div class=\"wp-block-column is-layout-flow wp-block-column-is-layout-flow\" style=\"flex-basis:60%\"><div class=\"ituContainer\">\n<h2 class=\"wp-block-heading has-vivid-cyan-blue-color has-text-color\" style=\"font-size:25px\">ITU-T Study Group 20<\/h2>\n<\/div>\n\n<div class=\"ituContainer\">\n<p class=\"wp-block-paragraph\" style=\"font-size:16px\">From developing new standards to promoting digital transformation across regions, SG20\u2019s work is instrumental in building future-ready cities.<\/p>\n<\/div>\n\n<div class=\"ituContainer\">\n<div class=\"wp-block-columns is-layout-flex wp-container-core-columns-is-layout-8f761849 wp-block-columns-is-layout-flex\"><div class=\"ituContainer\">\n<div class=\"wp-block-column is-layout-flow wp-block-column-is-layout-flow\" style=\"flex-basis:50%\"><div class=\"ituContainer\">\n<p class=\"has-vivid-cyan-blue-color has-text-color has-link-color wp-elements-238d47797797fc0a0167ced7c9b89e06 wp-block-paragraph\" style=\"font-size:25px\"><strong>4 Meetings<\/strong><\/p>\n<\/div>\n\n<div class=\"ituContainer\">\n<p class=\"has-small-font-size wp-block-paragraph\">SG20 held physical meetings throughout the study period 2022-2024, promoting active engagement across diverse sectors.<\/p>\n<\/div>\n\n<div class=\"ituContainer\">\n<p class=\"has-vivid-cyan-blue-color has-text-color has-link-color wp-elements-bd98d233d8e84f22a092d5b6d44aa0b9 wp-block-paragraph\" style=\"font-size:25px\"><strong>6 Supplements<\/strong><\/p>\n<\/div>\n\n<div class=\"ituContainer\">\n<p class=\"has-small-font-size wp-block-paragraph\">SG20 also produced 6 Supplements to standards.<\/p>\n<\/div><\/div>\n<\/div>\n\n<div class=\"ituContainer\">\n<div class=\"wp-block-column is-layout-flow wp-block-column-is-layout-flow\" style=\"flex-basis:50%\"><div class=\"ituContainer\">\n<p class=\"has-vivid-cyan-blue-color has-text-color has-link-color wp-elements-47a692312a1e91f23111d9b0e188f7fc wp-block-paragraph\" style=\"font-size:25px\"><strong>50+ Recommendations<\/strong><\/p>\n<\/div>\n\n<div class=\"ituContainer\">\n<p class=\"has-small-font-size wp-block-paragraph\">The group delivered over 50 international standards (ITU-T Recommendations).<br><br><\/p>\n<\/div>\n\n<div class=\"ituContainer\">\n<p class=\"has-vivid-cyan-blue-color has-text-color has-link-color wp-elements-da533e0be7b9c3cd7e3b9565393da288 wp-block-paragraph\" style=\"font-size:25px\"><strong>6 Technical Papers<\/strong><\/p>\n<\/div>\n\n<div class=\"ituContainer\">\n<p class=\"has-small-font-size wp-block-paragraph\">The group also produced 6 Technical Papers.<\/p>\n<\/div><\/div>\n<\/div><\/div>\n<\/div>\n\n<div class=\"ituContainer\">\n<p class=\"wp-block-paragraph\" style=\"font-size:16px\">These outputs provide essential guidance for global digital transformation in areas from urban planning to digital twins and AI applications.<\/p>\n<\/div>\n\n<div class=\"ituContainer\">\n<p class=\"wp-block-paragraph\"><strong><a href=\"https:\/\/itu.int\/go\/tsg20\" target=\"_blank\" rel=\"noopener\">Find more&gt;<\/a><\/strong><\/p>\n<\/div><\/div>\n<\/div>\n\n<div class=\"ituContainer\">\n<div class=\"wp-block-column is-vertically-aligned-center is-layout-flow wp-block-column-is-layout-flow\">\n<div style=\"color:#ddd\" class=\"wp-block-genesis-blocks-gb-spacer gb-block-spacer gb-divider-solid gb-divider-size-1\"><hr style=\"height:30px\"\/><\/div>\n\n\n<div class=\"ituContainer\">\n<figure class=\"wp-block-image size-full is-style-default\"><img loading=\"lazy\" decoding=\"async\" width=\"771\" height=\"446\" src=\"https:\/\/www.itu.int\/cities\/wp-content\/uploads\/2024\/11\/SG20-1.png\" alt=\"\" class=\"wp-image-3914\" srcset=\"https:\/\/www.itu.int\/cities\/wp-content\/uploads\/2024\/11\/SG20-1.png 771w, https:\/\/www.itu.int\/cities\/wp-content\/uploads\/2024\/11\/SG20-1-300x174.png 300w, https:\/\/www.itu.int\/cities\/wp-content\/uploads\/2024\/11\/SG20-1-768x444.png 768w\" sizes=\"auto, (max-width: 771px) 100vw, 771px\" \/><\/figure>\n<\/div><\/div>\n<\/div><\/div>\n<\/div>                            <div class=\"ituContainer\">\n<div class=\"wp-block-columns has-white-background-color has-background is-layout-flex wp-container-core-columns-is-layout-8f761849 wp-block-columns-is-layout-flex\"><div class=\"ituContainer\">\n<div class=\"wp-block-column is-layout-flow wp-block-column-is-layout-flow\" style=\"flex-basis:25%\">    <section>\n        <div class=\"ituContainer grid\">\n                                                <div data-span=\"3\">\n                    \n<div class=\"alignnormal\"><div id=\"metaslider-id-2142\" style=\"width: 100%;\" class=\"ml-slider-3-107-0 metaslider metaslider-flex metaslider-2142 ml-slider has-dots-nav ms-theme-default\" role=\"region\" aria-label=\"New Slideshow\" data-height=\"1975\" data-width=\"5197\">\n    <div id=\"metaslider_container_2142\">\n        <div id=\"metaslider_2142\">\n            <ul class='slides'>\n                <li style=\"display: block; width: 100%;\" class=\"slide-2143 ms-image \" aria-roledescription=\"slide\" data-date=\"2023-10-30 15:11:45\" data-filename=\"ITU-TSG20RG-AP-1024x726-NEW-5197x1975.png\" data-slide-type=\"image\"><a href=\"https:\/\/www.itu.int\/en\/ITU-T\/regionalgroups\/sg20-ap\/Pages\/default.aspx\" target=\"_self\" aria-label=\"View Slide Details\" class=\"metaslider_image_link\"><img loading=\"lazy\" decoding=\"async\" src=\"https:\/\/www.itu.int\/cities\/wp-content\/uploads\/2024\/11\/ITU-TSG20RG-AP-1024x726-NEW-5197x1975.png\" height=\"1975\" width=\"5197\" alt=\"\" class=\"slider-2142 slide-2143 msDefaultImage\" title=\"ITU-TSG20RG-AP-1024x726-NEW\" \/><\/a><\/li>\n                <li style=\"display: none; width: 100%;\" class=\"slide-2144 ms-image \" aria-roledescription=\"slide\" data-date=\"2023-10-30 15:11:45\" data-filename=\"SG20RG-EECAT-5197x1975.png\" data-slide-type=\"image\"><img loading=\"lazy\" decoding=\"async\" src=\"https:\/\/www.itu.int\/cities\/wp-content\/uploads\/2023\/01\/SG20RG-EECAT-5197x1975.png\" height=\"1975\" width=\"5197\" alt=\"\" class=\"slider-2142 slide-2144 msDefaultImage\" title=\"SG20RG-EECAT\" \/><\/li>\n                <li style=\"display: none; width: 100%;\" class=\"slide-2145 ms-image \" aria-roledescription=\"slide\" data-date=\"2023-10-30 15:11:46\" data-filename=\"SG20RG-LATAM-5197x1975.png\" data-slide-type=\"image\"><img loading=\"lazy\" decoding=\"async\" src=\"https:\/\/www.itu.int\/cities\/wp-content\/uploads\/2023\/01\/SG20RG-LATAM-5197x1975.png\" height=\"1975\" width=\"5197\" alt=\"\" class=\"slider-2142 slide-2145 msDefaultImage\" title=\"SG20RG-LATAM\" \/><\/li>\n                <li style=\"display: none; width: 100%;\" class=\"slide-2146 ms-image \" aria-roledescription=\"slide\" data-date=\"2023-10-30 15:11:46\" data-filename=\"SG20RG-ARB-5197x1975.png\" data-slide-type=\"image\"><img loading=\"lazy\" decoding=\"async\" src=\"https:\/\/www.itu.int\/cities\/wp-content\/uploads\/2023\/01\/SG20RG-ARB-5197x1975.png\" height=\"1975\" width=\"5197\" alt=\"\" class=\"slider-2142 slide-2146 msDefaultImage\" title=\"SG20RG-ARB\" \/><\/li>\n                <li style=\"display: none; width: 100%;\" class=\"slide-2147 ms-image \" aria-roledescription=\"slide\" data-date=\"2023-10-30 15:11:47\" data-filename=\"SG20RG-AFR-5197x1975.png\" data-slide-type=\"image\"><img loading=\"lazy\" decoding=\"async\" src=\"https:\/\/www.itu.int\/cities\/wp-content\/uploads\/2023\/01\/SG20RG-AFR-5197x1975.png\" height=\"1975\" width=\"5197\" alt=\"\" class=\"slider-2142 slide-2147 msDefaultImage\" title=\"SG20RG-AFR\" \/><\/li>\n            <\/ul>\n        <\/div>\n        \n    <\/div>\n<\/div><\/div>\n            <\/div>\n                                                <div data-span=\"9\">\n                    <div class=\"ituContainer\">\n<h2 class=\"wp-block-heading has-vivid-cyan-blue-color has-text-color has-link-color wp-elements-f152bcfc7223173906642ff18391e15d\" style=\"font-size:25px\">SG20 Regional Groups<\/h2>\n<\/div>                    <div class=\"ituContainer\">\n<p class=\"wp-block-paragraph\" style=\"font-size:16px\">Regional groups within SG20 continue to play a key role in ensuring that the unique needs of regions worldwide are reflected in the development and implementation of standards. This collaborative approach ensures that SG20&#8217;s work considers a broad range of geographical and cultural contexts, making standards adaptable and impactful across different regions.<\/p>\n<\/div>                    <div class=\"ituContainer\">\n<p class=\"wp-block-paragraph\"><strong><a href=\"https:\/\/www.itu.int\/cities\/about\/\" target=\"_blank\" rel=\"noreferrer noopener\">Learn more &gt;<\/a><\/strong><\/p>\n<\/div>            <\/div>\n                    <\/div>\n    <\/section>\n<\/div>\n<\/div><\/div>\n<\/div>                            <div class=\"ituContainer\">\n<div class=\"wp-block-group has-white-background-color has-background is-vertical is-content-justification-left is-layout-flex wp-container-core-group-is-layout-df7bfe9b wp-block-group-is-layout-flex\"><div class=\"ituContainer\">\n<h2 class=\"wp-block-heading has-text-align-left has-vivid-cyan-blue-color has-text-color\" style=\"font-size:25px\">Welcome the new SG20 Management Team for the 2025-2028 Study Group period!<\/h2>\n<\/div>\n\n    <section>\n        <div class=\"ituContainer grid\">\n                                                <div data-span=\"2\">\n                    <div class=\"wp-block-image is-style-rounded\"><div class=\"ituContainer\">\n<figure class=\"aligncenter size-full\"><img loading=\"lazy\" decoding=\"async\" width=\"1753\" height=\"1753\" src=\"https:\/\/www.itu.int\/cities\/wp-content\/uploads\/2024\/04\/Hyoung-Jun-Kim-scaled-e1713440681426.jpg\" alt=\"\" class=\"wp-image-2892\" srcset=\"https:\/\/www.itu.int\/cities\/wp-content\/uploads\/2024\/04\/Hyoung-Jun-Kim-scaled-e1713440681426.jpg 1753w, https:\/\/www.itu.int\/cities\/wp-content\/uploads\/2024\/04\/Hyoung-Jun-Kim-scaled-e1713440681426-300x300.jpg 300w, https:\/\/www.itu.int\/cities\/wp-content\/uploads\/2024\/04\/Hyoung-Jun-Kim-scaled-e1713440681426-1024x1024.jpg 1024w, https:\/\/www.itu.int\/cities\/wp-content\/uploads\/2024\/04\/Hyoung-Jun-Kim-scaled-e1713440681426-150x150.jpg 150w, https:\/\/www.itu.int\/cities\/wp-content\/uploads\/2024\/04\/Hyoung-Jun-Kim-scaled-e1713440681426-768x768.jpg 768w, https:\/\/www.itu.int\/cities\/wp-content\/uploads\/2024\/04\/Hyoung-Jun-Kim-scaled-e1713440681426-1536x1536.jpg 1536w, https:\/\/www.itu.int\/cities\/wp-content\/uploads\/2024\/04\/Hyoung-Jun-Kim-scaled-e1713440681426-600x600.jpg 600w\" sizes=\"auto, (max-width: 1753px) 100vw, 1753px\" \/><\/figure>\n<\/div><\/div>                    <div class=\"ituContainer\">\n<p class=\"has-text-align-center wp-block-paragraph\" style=\"font-size:15px\"><strong><strong>SG20 Chair<\/strong><\/strong><\/p>\n<\/div>                    <div class=\"ituContainer\">\n<p class=\"has-text-align-center has-small-font-size wp-block-paragraph\"><strong><strong><strong><strong><strong>Hyoung Jun<\/strong>&nbsp;<strong>Kim<\/strong><\/strong><\/strong><\/strong><\/strong><\/p>\n<\/div>                    <div class=\"ituContainer\">\n<p class=\"has-text-align-center has-small-font-size wp-block-paragraph\">ETRI, Korea (Rep. of)<\/p>\n<\/div>            <\/div>\n                                                <div data-span=\"10\">\n                    <div class=\"ituContainer\">\n<p class=\"wp-block-paragraph\" style=\"font-size:15px\"><strong><strong>SG20 Vice-Chairs<\/strong><\/strong><\/p>\n<\/div>                    <div class=\"ituContainer\">\n<div class=\"wp-block-columns is-layout-flex wp-container-core-columns-is-layout-8f761849 wp-block-columns-is-layout-flex\"><div class=\"ituContainer\">\n<div class=\"wp-block-column is-layout-flow wp-block-column-is-layout-flow\" style=\"flex-basis:40%\"><div class=\"ituContainer\">\n<p class=\"has-small-font-size wp-block-paragraph\"><strong><strong><strong><strong><strong><strong><strong>Song Luo<\/strong><\/strong><\/strong><\/strong><\/strong><\/strong><\/strong><br>China<\/p>\n<\/div>\n\n<div class=\"ituContainer\">\n<p class=\"has-small-font-size wp-block-paragraph\"><strong>Sophia Nahoza<\/strong><br>Tanzania<\/p>\n<\/div>\n\n<div class=\"ituContainer\">\n<p class=\"has-small-font-size wp-block-paragraph\"><strong><strong><strong><strong><strong><strong><strong>Sophia<\/strong><\/strong><\/strong><\/strong><\/strong><\/strong><\/strong> <strong>Papathanasopoulou<\/strong><br>Greece<\/p>\n<\/div>\n\n<div class=\"ituContainer\">\n<p class=\"has-small-font-size wp-block-paragraph\"><strong>Ali Abbassene<\/strong><br>Algeria<\/p>\n<\/div>\n\n<div class=\"ituContainer\">\n<p class=\"has-small-font-size wp-block-paragraph\"><strong>Khusan Soatov<\/strong><br>Uzbekistan<\/p>\n<\/div><\/div>\n<\/div>\n\n<div class=\"ituContainer\">\n<div class=\"wp-block-column is-layout-flow wp-block-column-is-layout-flow\" style=\"flex-basis:40%\"><div class=\"ituContainer\">\n<p class=\"has-small-font-size wp-block-paragraph\"><strong>A Robert Jerard Ravi<\/strong><br>India<\/p>\n<\/div>\n\n<div class=\"ituContainer\">\n<p class=\"has-small-font-size wp-block-paragraph\"><strong>Christina Lesa-Chibesakunda<\/strong><br>Zambia<\/p>\n<\/div>\n\n<div class=\"ituContainer\">\n<p class=\"has-small-font-size wp-block-paragraph\"><strong>Emanuele Nastri<\/strong><br>Italy<\/p>\n<\/div>\n\n<div class=\"ituContainer\">\n<p class=\"has-small-font-size wp-block-paragraph\"><strong>Muath Al-Rumayh<\/strong><br>Saudi Arabia<\/p>\n<\/div>\n\n<div class=\"ituContainer\">\n<p class=\"has-small-font-size wp-block-paragraph\"><strong>Mars Sydykov<\/strong><br>Kyrgyz Republic<br><br><br><\/p>\n<\/div><\/div>\n<\/div>\n\n<div class=\"ituContainer\">\n<div class=\"wp-block-column is-layout-flow wp-block-column-is-layout-flow\" style=\"flex-basis:40%\"><div class=\"ituContainer\">\n<p class=\"has-small-font-size wp-block-paragraph\"><strong>Toru Yamada<\/strong><br>Japan<\/p>\n<\/div>\n\n<div class=\"ituContainer\">\n<p class=\"has-small-font-size wp-block-paragraph\"><strong>Ramy Ahmed Fathy<\/strong><br>Egypt<\/p>\n<\/div>\n\n<div class=\"ituContainer\">\n<p class=\"has-small-font-size wp-block-paragraph\"><strong>Ricarda Carolina Rende<\/strong><br>Brazil<\/p>\n<\/div>\n\n<div class=\"ituContainer\">\n<p class=\"has-small-font-size wp-block-paragraph\"><strong>Imen Gueich<\/strong><br>Tunisia<\/p>\n<\/div><\/div>\n<\/div><\/div>\n<\/div>            <\/div>\n                    <\/div>\n    <\/section>\n<\/div>\n<\/div>                            <div class=\"ituContainer\">\n<div style=\"height:29px\" aria-hidden=\"true\" class=\"wp-block-spacer\"><\/div>\n<\/div>                            <div class=\"ituContainer\">\n<div class=\"wp-block-group has-white-background-color has-background is-vertical is-content-justification-left is-layout-flex wp-container-core-group-is-layout-df7bfe9b wp-block-group-is-layout-flex\"><div class=\"ituContainer\">\n<h2 class=\"wp-block-heading has-text-align-left has-vivid-cyan-blue-color has-text-color\" style=\"font-size:25px\">Thank you for your invaluable contributions throughout the 2022-2024 Study Group period!<\/h2>\n<\/div>\n\n    <section>\n        <div class=\"ituContainer grid\">\n                                                <div data-span=\"2\">\n                    <div class=\"wp-block-image is-style-rounded\"><div class=\"ituContainer\">\n<figure class=\"aligncenter size-full\"><img loading=\"lazy\" decoding=\"async\" width=\"1753\" height=\"1753\" src=\"https:\/\/www.itu.int\/cities\/wp-content\/uploads\/2024\/04\/Hyoung-Jun-Kim-scaled-e1713440681426.jpg\" alt=\"\" class=\"wp-image-2892\" srcset=\"https:\/\/www.itu.int\/cities\/wp-content\/uploads\/2024\/04\/Hyoung-Jun-Kim-scaled-e1713440681426.jpg 1753w, https:\/\/www.itu.int\/cities\/wp-content\/uploads\/2024\/04\/Hyoung-Jun-Kim-scaled-e1713440681426-300x300.jpg 300w, https:\/\/www.itu.int\/cities\/wp-content\/uploads\/2024\/04\/Hyoung-Jun-Kim-scaled-e1713440681426-1024x1024.jpg 1024w, https:\/\/www.itu.int\/cities\/wp-content\/uploads\/2024\/04\/Hyoung-Jun-Kim-scaled-e1713440681426-150x150.jpg 150w, https:\/\/www.itu.int\/cities\/wp-content\/uploads\/2024\/04\/Hyoung-Jun-Kim-scaled-e1713440681426-768x768.jpg 768w, https:\/\/www.itu.int\/cities\/wp-content\/uploads\/2024\/04\/Hyoung-Jun-Kim-scaled-e1713440681426-1536x1536.jpg 1536w, https:\/\/www.itu.int\/cities\/wp-content\/uploads\/2024\/04\/Hyoung-Jun-Kim-scaled-e1713440681426-600x600.jpg 600w\" sizes=\"auto, (max-width: 1753px) 100vw, 1753px\" \/><\/figure>\n<\/div><\/div>                    <div class=\"ituContainer\">\n<p class=\"has-text-align-center wp-block-paragraph\" style=\"font-size:15px\"><strong><strong>SG20 Chair<\/strong><\/strong><\/p>\n<\/div>                    <div class=\"ituContainer\">\n<p class=\"has-text-align-center has-small-font-size wp-block-paragraph\"><strong><strong><strong><strong><strong>Hyoung Jun<\/strong>&nbsp;<strong>Kim<\/strong><\/strong><\/strong><\/strong><\/strong><\/p>\n<\/div>                    <div class=\"ituContainer\">\n<p class=\"has-text-align-center has-small-font-size wp-block-paragraph\">ETRI, Korea (Rep. of)<\/p>\n<\/div>            <\/div>\n                                                <div data-span=\"10\">\n                    <div class=\"ituContainer\">\n<p class=\"wp-block-paragraph\" style=\"font-size:15px\"><strong><strong>SG20 Vice-Chairs<\/strong><\/strong><\/p>\n<\/div>                    <div class=\"ituContainer\">\n<div class=\"wp-block-columns is-layout-flex wp-container-core-columns-is-layout-8f761849 wp-block-columns-is-layout-flex\"><div class=\"ituContainer\">\n<div class=\"wp-block-column is-layout-flow wp-block-column-is-layout-flow\" style=\"flex-basis:40%\"><div class=\"ituContainer\">\n<p class=\"has-small-font-size wp-block-paragraph\"><strong><strong><strong><strong><strong><strong><strong>Ali<\/strong>&nbsp;<strong>Abbassene<\/strong><\/strong><\/strong><\/strong><\/strong><\/strong><\/strong><br>Minist\u00e8re de la Poste et des T\u00e9l\u00e9communications (MPT), Algeria<\/p>\n<\/div>\n\n<div class=\"ituContainer\">\n<p class=\"has-small-font-size wp-block-paragraph\"><strong><strong><strong><strong><strong><strong>H\u00e9ctor Mario<\/strong>&nbsp;<strong>Carril<\/strong><\/strong><\/strong><\/strong><\/strong><\/strong><br>CeSPI, Universidad Nacional de la Plata, Argentina<\/p>\n<\/div>\n\n<div class=\"ituContainer\">\n<p class=\"has-small-font-size wp-block-paragraph\"><strong><strong><strong><strong><strong><strong><strong>Shane<\/strong>&nbsp;<strong>He<\/strong><\/strong><\/strong><\/strong><\/strong><\/strong><\/strong><br>Nokia Corporation, Finland<\/p>\n<\/div>\n\n<div class=\"ituContainer\">\n<p class=\"has-small-font-size wp-block-paragraph\"><strong><strong><strong><strong><strong>Toru<\/strong>&nbsp;<strong>Yamada<\/strong><\/strong><\/strong><\/strong><\/strong><br>NEC Corporation, Japan<\/p>\n<\/div><\/div>\n<\/div>\n\n<div class=\"ituContainer\">\n<div class=\"wp-block-column is-layout-flow wp-block-column-is-layout-flow\" style=\"flex-basis:40%\"><div class=\"ituContainer\">\n<p class=\"has-small-font-size wp-block-paragraph\"><strong><strong><strong><strong><strong><strong>Muath<\/strong>&nbsp;<strong>Alrumayh<\/strong><\/strong><\/strong><\/strong><\/strong><\/strong><br>Communication and Information Technology Commission, Saudi Arabia<\/p>\n<\/div>\n\n<div class=\"ituContainer\">\n<p class=\"has-small-font-size wp-block-paragraph\"><strong><strong><strong>Ramy Ahmed Fathy<\/strong><\/strong><\/strong><br>National Telecom Regulatory Authority, Egypt<\/p>\n<\/div>\n\n<div class=\"ituContainer\">\n<p class=\"has-small-font-size wp-block-paragraph\"><strong><strong><strong><strong><strong>Achime Malick Ndiaye<\/strong><\/strong><\/strong><\/strong><\/strong><br>Minist\u00e8re de l\u2019Economie num\u00e9rique et des T\u00e9l\u00e9communications, Senegal<\/p>\n<\/div><\/div>\n<\/div>\n\n<div class=\"ituContainer\">\n<div class=\"wp-block-column is-layout-flow wp-block-column-is-layout-flow\" style=\"flex-basis:40%\"><div class=\"ituContainer\">\n<p class=\"has-small-font-size wp-block-paragraph\"><strong><strong><strong><strong><strong><strong>Fabio<\/strong>&nbsp;<strong>Bigi<\/strong><\/strong><\/strong><\/strong><\/strong><\/strong><br>Ministero Dello Sviluppo Economico (Dipartimento Comunicazioni), Italy<\/p>\n<\/div>\n\n<div class=\"ituContainer\">\n<p class=\"has-small-font-size wp-block-paragraph\"><strong><strong><strong><strong>Harinderpal Singh Grewal<\/strong><\/strong><\/strong><\/strong><br>IMDA, Singapore<\/p>\n<\/div>\n\n<div class=\"ituContainer\">\n<p class=\"has-small-font-size wp-block-paragraph\"><strong><strong><strong><strong><strong><strong><strong><strong><strong>Ziqin<\/strong>&nbsp;<strong>Sang<\/strong><\/strong><\/strong><\/strong><\/strong><\/strong><\/strong><\/strong><\/strong><br>Ministry of Industry and Information Technology (MIIT), China<\/p>\n<\/div><\/div>\n<\/div><\/div>\n<\/div>            <\/div>\n                    <\/div>\n    <\/section>\n<\/div>\n<\/div>                            <div class=\"ituContainer\">\n<div style=\"height:30px\" aria-hidden=\"true\" class=\"wp-block-spacer\"><\/div>\n<\/div>                            <div class=\"ituContainer\">\n<p class=\"wp-block-paragraph\"><a href=\"https:\/\/www.itu.int\/cities\/a-year-of-impact-2024\/\"><strong>Back to Year of Impact<\/strong> <strong>2024&gt;<\/strong><\/a><\/p>\n<\/div>                    <\/div>\n    <\/div>\n","protected":false},"excerpt":{"rendered":"","protected":false},"author":7,"featured_media":0,"parent":0,"menu_order":0,"comment_status":"closed","ping_status":"closed","template":"","meta":{"_crdt_document":"","footnotes":""},"class_list":["post-3807","page","type-page","status-publish","hentry"],"featured_image_src":null,"featured_image_src_square":null,"_links":{"self":[{"href":"https:\/\/www.itu.int\/cities\/wp-json\/wp\/v2\/pages\/3807","targetHints":{"allow":["GET"]}}],"collection":[{"href":"https:\/\/www.itu.int\/cities\/wp-json\/wp\/v2\/pages"}],"about":[{"href":"https:\/\/www.itu.int\/cities\/wp-json\/wp\/v2\/types\/page"}],"author":[{"embeddable":true,"href":"https:\/\/www.itu.int\/cities\/wp-json\/wp\/v2\/users\/7"}],"replies":[{"embeddable":true,"href":"https:\/\/www.itu.int\/cities\/wp-json\/wp\/v2\/comments?post=3807"}],"version-history":[{"count":0,"href":"https:\/\/www.itu.int\/cities\/wp-json\/wp\/v2\/pages\/3807\/revisions"}],"wp:attachment":[{"href":"https:\/\/www.itu.int\/cities\/wp-json\/wp\/v2\/media?parent=3807"}],"curies":[{"name":"wp","href":"https:\/\/api.w.org\/{rel}","templated":true}]}}