{"id":2770,"date":"2024-03-22T15:05:52","date_gmt":"2024-03-22T15:05:52","guid":{"rendered":"https:\/\/www.itu.int\/cities\/?page_id=2770"},"modified":"2025-08-19T15:22:55","modified_gmt":"2025-08-19T15:22:55","slug":"dt-bio-jon-black","status":"publish","type":"page","link":"https:\/\/www.itu.int\/cities\/standards4dt\/dt-bio-jon-black\/","title":{"rendered":"Bio-Jon Black"},"content":{"rendered":"    <div class=\"ituContainer grid\">\n        <div data-span=\"12\">\n                            <div class=\"ituContainer\">\n<div class=\"wp-block-columns has-white-background-color has-background is-layout-flex wp-container-core-columns-is-layout-8f761849 wp-block-columns-is-layout-flex\"><div class=\"ituContainer\">\n<div class=\"wp-block-column is-layout-flow wp-block-column-is-layout-flow\">    <section>\n        <div class=\"ituContainer grid\">\n                                                <div data-span=\"3\">\n                    <div class=\"wp-block-image is-style-rounded\"><div class=\"ituContainer\">\n<figure class=\"aligncenter size-full is-resized\"><img loading=\"lazy\" decoding=\"async\" width=\"600\" height=\"600\" src=\"https:\/\/www.itu.int\/cities\/wp-content\/uploads\/2024\/06\/Jon-Black-Headshot-600x600-1.jpg\" alt=\"\" class=\"wp-image-3143\" style=\"width:200px;height:200px\" srcset=\"https:\/\/www.itu.int\/cities\/wp-content\/uploads\/2024\/06\/Jon-Black-Headshot-600x600-1.jpg 600w, https:\/\/www.itu.int\/cities\/wp-content\/uploads\/2024\/06\/Jon-Black-Headshot-600x600-1-300x300.jpg 300w, https:\/\/www.itu.int\/cities\/wp-content\/uploads\/2024\/06\/Jon-Black-Headshot-600x600-1-150x150.jpg 150w\" sizes=\"auto, (max-width: 600px) 100vw, 600px\" \/><figcaption class=\"wp-element-caption\"><strong>Jon Black<br><\/strong>CEO y Fundador, Blackbot<br><\/figcaption><\/figure>\n<\/div><\/div>            <\/div>\n                                                <div data-span=\"6\">\n                    <div class=\"ituContainer\">\n<blockquote class=\"wp-block-quote is-style-plain is-layout-flow wp-block-quote-is-layout-flow\"><div class=\"ituContainer\">\n<p class=\"has-text-align-left wp-block-paragraph\">CEO de BLACKBOT una compa\u00f1\u00eda internacional de dise\u00f1o, creatividad, estrategia, innovaci\u00f3n, negocios y futuros en donde ha colaborado en la estrategia y operaci\u00f3n para empresas como BlackRock, McKinsey, LandRover Jaguar, ABInbev, Zara, Natura, Linksys, Hersheys, Mercedes Benz, Centro, MTV, Kellogg\u2019s , CocaCola, RedBull, CarlsJunior, Logitech, Selecci\u00f3n Mexicana de F\u00fatbol, Televisa, Banamex, El Buen Fin, Wayra, Telef\u00f3nica Movistar, Fundaci\u00f3n Telmex, Banamex fomento cultural, Universidad Mexicana, Iniciativa M\u00e9xico, Consejo de la Comunicaci\u00f3n, ArcaLab, AnaSeguros, Bancomext, Los Cabos, SolCargo, VentureAcademy, Cetys, Andrea, Fundaci\u00f3n Azteca, Colours, HDO, Sapica, Plantronics, Palm, 3COM, SolaBasic, etc. Participado en la escena startup con empresas como Towi, Shoppliment, Vanderdroid, Auditt, Skydrop, FactiCo, Synapbox, Lavadero, AnimalVitae, Toky, ZaveApp, Okeiro, etc. Adem\u00e1s ha capacitado en temas digitales y tendencias junto a IAB Televisa, OCESA, Unilever, Jos\u00e9Cuervo, Hersheys, Heineken, ColgatePalmolive, Grupo Posadas, SPACE, Marriot Internacional y CATS Hostels.<\/p>\n<\/div>\n\n<div class=\"ituContainer\">\n<p class=\"wp-block-paragraph\">CEO de BlackSchool, plataforma acad\u00e9mica especializada en negocios, creatividad, innovaci\u00f3n, dise\u00f1o y futuro.<br>CEO de Black Creative Intelligence, el servicio de suscripci\u00f3n de innovaci\u00f3n, dise\u00f1o, creatividad, negocios y futuro de Blackbot.<\/p>\n<\/div>\n\n<div class=\"ituContainer\">\n<p class=\"wp-block-paragraph\">Acad\u00e9micamente hablando estudi\u00e9 Lic. Comunicaci\u00f3n en la UNAM y el Tec de Monterrey.<br>Licenciatura en Marketing y Publicidad en la Universidad Mexicana y he tomado y formado parte de m\u00e1s de 30 diplomados y proyectos acad\u00e9micos para m\u00e1s de 20 Universidades del pa\u00eds.<\/p>\n<\/div>\n\n<div class=\"ituContainer\">\n<p class=\"wp-block-paragraph\">Conferencista TEDx, CXLA, TalentLand y EXMA; creador de FBS, especialista en medios de comunicaci\u00f3n digital, dise\u00f1o web, Internet y tecnolog\u00eda. catedr\u00e1tico y colaborador acad\u00e9mico para IAB (Interactive Advertising Bureau) en donde colabor\u00e9 con el Tec de Monterrey, UNAM, Centro arte dise\u00f1o y la Universidad An\u00e1huac; Centro ADM, MiamiAdSchool, Centro de Estudios en Ciencias de la Comunicaci\u00f3n, CENTRO dise\u00f1o, cine y televisi\u00f3n, IEBS Executive Business School y centros de experimentaci\u00f3n digital. Amante de la cultura y el arte digital, defensor y promotor de la libertad de Internet, creativo de campa\u00f1as publicitarias, tecn\u00f3logo, podcaster, webblogger, analista digital,amante del dise\u00f1o, de la m\u00fasica, el cine, la fotograf\u00eda, el newmarketing, las redes sociales por medio de la tecnolog\u00eda y soy un serio cr\u00edtico proactivo de Internet y los medios digitales. Me defino a mi mismo como un creative problem solver, un \u201cWeb curator\u201d y un \u201cGourmet newmedia junkie\u201d, digital Strategy, cool\/trend hunter, trend consultant, UX design master, growth hacker, digital maker &amp; creative business jedi.<\/p>\n<\/div>\n\n<div class=\"ituContainer\">\n<p class=\"wp-block-paragraph\">Podcaster de las Creative &#8220;Talks Podcast&#8221;, &#8220;BookShake&#8221; y &#8220;Plataforma&#8221;. Creador de las Black Trends.<\/p>\n<\/div>\n\n<div class=\"ituContainer\">\n<p class=\"has-text-align-left wp-block-paragraph\">He colaborado en producci\u00f3n para MTV; consejero editorial para el peri\u00f3dico Reforma; columnista para el peri\u00f3dico Reforma; editor web y escritor para la revista de Cultura Digital Sputnik; escritor para la revista Deep; guionista para la legendaria estaci\u00f3n de radio Radioactivo 98.5FM; y columnista para el peri\u00f3dico La Cr\u00f3nica. Actualmente tiene una secci\u00f3n en el noticiero &#8220;As\u00ed las cosas&#8221; en la Radio m\u00e1s importante del pa\u00eds: WRADIO 96.9 FM, una secci\u00f3n en REACTOR 105.7 en el programa de tecnolog\u00eda QWERTY y es analista de tecnolog\u00eda para la estaci\u00f3n de radio XEU Noticias 98.1FM.<\/p>\n<\/div><\/blockquote>\n<\/div>            <\/div>\n                                                <div data-span=\"3\">\n                    <div class=\"ituContainer\">\n<div class=\"wp-block-columns is-layout-flex wp-container-core-columns-is-layout-8f761849 wp-block-columns-is-layout-flex\"><div class=\"ituContainer\">\n<div class=\"wp-block-column is-layout-flow wp-block-column-is-layout-flow\" style=\"flex-basis:100px\"><div class=\"wp-block-image\"><div class=\"ituContainer\">\n<figure class=\"aligncenter size-full is-resized\"><img loading=\"lazy\" decoding=\"async\" width=\"96\" height=\"96\" src=\"https:\/\/www.itu.int\/cities\/wp-content\/uploads\/2023\/07\/organization-2.jpg\" alt=\"\" class=\"wp-image-1460\" style=\"width:74px;height:74px\"\/><figcaption class=\"wp-element-caption\"><strong>Affiliation<\/strong><\/figcaption><\/figure>\n<\/div><\/div><\/div>\n<\/div>\n\n<div class=\"ituContainer\">\n<div class=\"wp-block-column is-vertically-aligned-center is-layout-flow wp-block-column-is-layout-flow\"><div class=\"ituContainer\">\n<p class=\"has-text-align-left wp-block-paragraph\"><strong><strong>Blackbot<\/strong><\/strong><\/p>\n<\/div><\/div>\n<\/div><\/div>\n<\/div>                    <div class=\"ituContainer\">\n<div class=\"wp-block-columns is-layout-flex wp-container-core-columns-is-layout-8f761849 wp-block-columns-is-layout-flex\"><div class=\"ituContainer\">\n<div class=\"wp-block-column is-vertically-aligned-center is-layout-flow wp-block-column-is-layout-flow\" style=\"flex-basis:100px\"><div class=\"wp-block-image\"><div class=\"ituContainer\">\n<figure class=\"aligncenter size-full is-resized\"><img loading=\"lazy\" decoding=\"async\" width=\"96\" height=\"96\" src=\"https:\/\/www.itu.int\/cities\/wp-content\/uploads\/2023\/07\/Affliation-1.jpg\" alt=\"\" class=\"wp-image-1459\" style=\"width:72px;height:72px\"\/><figcaption class=\"wp-element-caption\"><strong>Profession<\/strong><\/figcaption><\/figure>\n<\/div><\/div><\/div>\n<\/div>\n\n<div class=\"ituContainer\">\n<div class=\"wp-block-column is-vertically-aligned-center is-layout-flow wp-block-column-is-layout-flow\"><div class=\"ituContainer\">\n<p class=\"has-text-align-left wp-block-paragraph\"><strong><strong>CEO y Fundador<\/strong><\/strong><\/p>\n<\/div><\/div>\n<\/div><\/div>\n<\/div>            <\/div>\n                    <\/div>\n    <\/section>\n\n\n<div class=\"ituContainer\">\n<p class=\"wp-block-paragraph\"><a href=\"https:\/\/www.itu.int\/cities\/?page_id=1462\" data-type=\"URL\" data-id=\"standards4dt\"><strong>See all speakers &gt;<\/strong><\/a><\/p>\n<\/div><\/div>\n<\/div><\/div>\n<\/div>                    <\/div>\n    <\/div>\n","protected":false},"excerpt":{"rendered":"","protected":false},"author":5,"featured_media":0,"parent":234,"menu_order":0,"comment_status":"closed","ping_status":"closed","template":"","meta":{"_crdt_document":"","footnotes":""},"class_list":["post-2770","page","type-page","status-publish","hentry"],"featured_image_src":null,"featured_image_src_square":null,"_links":{"self":[{"href":"https:\/\/www.itu.int\/cities\/wp-json\/wp\/v2\/pages\/2770","targetHints":{"allow":["GET"]}}],"collection":[{"href":"https:\/\/www.itu.int\/cities\/wp-json\/wp\/v2\/pages"}],"about":[{"href":"https:\/\/www.itu.int\/cities\/wp-json\/wp\/v2\/types\/page"}],"author":[{"embeddable":true,"href":"https:\/\/www.itu.int\/cities\/wp-json\/wp\/v2\/users\/5"}],"replies":[{"embeddable":true,"href":"https:\/\/www.itu.int\/cities\/wp-json\/wp\/v2\/comments?post=2770"}],"version-history":[{"count":0,"href":"https:\/\/www.itu.int\/cities\/wp-json\/wp\/v2\/pages\/2770\/revisions"}],"up":[{"embeddable":true,"href":"https:\/\/www.itu.int\/cities\/wp-json\/wp\/v2\/pages\/234"}],"wp:attachment":[{"href":"https:\/\/www.itu.int\/cities\/wp-json\/wp\/v2\/media?parent=2770"}],"curies":[{"name":"wp","href":"https:\/\/api.w.org\/{rel}","templated":true}]}}