{"id":1563,"date":"2023-08-08T12:08:05","date_gmt":"2023-08-08T12:08:05","guid":{"rendered":"https:\/\/www.itu.int\/cities\/?page_id=1563"},"modified":"2025-08-20T09:09:39","modified_gmt":"2025-08-20T09:09:39","slug":"nathalie-feingold","status":"publish","type":"page","link":"https:\/\/www.itu.int\/cities\/standards4dt\/nathalie-feingold\/","title":{"rendered":"Nathalie Feingold"},"content":{"rendered":"    <div class=\"ituContainer grid\">\n        <div data-span=\"12\">\n                            <div class=\"ituContainer\">\n<div class=\"wp-block-columns has-white-background-color has-background is-layout-flex wp-container-core-columns-is-layout-8f761849 wp-block-columns-is-layout-flex\"><div class=\"ituContainer\">\n<div class=\"wp-block-column is-layout-flow wp-block-column-is-layout-flow\">    <section>\n        <div class=\"ituContainer grid\">\n                                                <div data-span=\"3\">\n                    <div class=\"wp-block-image is-style-rounded\"><div class=\"ituContainer\">\n<figure class=\"aligncenter size-full is-resized\"><img loading=\"lazy\" decoding=\"async\" width=\"1996\" height=\"1996\" src=\"https:\/\/www.itu.int\/cities\/wp-content\/uploads\/2022\/12\/Nathalie20Feingold-scaled-e1690809190117.jpg\" alt=\"\" class=\"wp-image-393\" style=\"width:200px;height:200px\" srcset=\"https:\/\/www.itu.int\/cities\/wp-content\/uploads\/2022\/12\/Nathalie20Feingold-scaled-e1690809190117.jpg 1996w, https:\/\/www.itu.int\/cities\/wp-content\/uploads\/2022\/12\/Nathalie20Feingold-scaled-e1690809190117-300x300.jpg 300w, https:\/\/www.itu.int\/cities\/wp-content\/uploads\/2022\/12\/Nathalie20Feingold-scaled-e1690809190117-1024x1024.jpg 1024w, https:\/\/www.itu.int\/cities\/wp-content\/uploads\/2022\/12\/Nathalie20Feingold-scaled-e1690809190117-150x150.jpg 150w, https:\/\/www.itu.int\/cities\/wp-content\/uploads\/2022\/12\/Nathalie20Feingold-scaled-e1690809190117-768x768.jpg 768w, https:\/\/www.itu.int\/cities\/wp-content\/uploads\/2022\/12\/Nathalie20Feingold-scaled-e1690809190117-1536x1536.jpg 1536w, https:\/\/www.itu.int\/cities\/wp-content\/uploads\/2022\/12\/Nathalie20Feingold-scaled-e1690809190117-600x600.jpg 600w\" sizes=\"auto, (max-width: 1996px) 100vw, 1996px\" \/><figcaption class=\"wp-element-caption\"><strong>Nathalie Feingold<\/strong><br>Director and Strategic Advisor, NPBA<br><\/figcaption><\/figure>\n<\/div><\/div>            <\/div>\n                                                <div data-span=\"6\">\n                    <div class=\"ituContainer\">\n<blockquote class=\"wp-block-quote is-style-plain is-layout-flow wp-block-quote-is-layout-flow\"><div class=\"ituContainer\">\n<p class=\"has-text-align-left wp-block-paragraph\">Nathalie has been working for 20 years on data, risk and finance issues. She is currently executive manager of NPBA, a Swiss firm dedicated to data and corporate strategy that she founded in 2016. Nathalie is also Non-Executive Director for a fund management company and Director of an asset management company. She is a member of Cercle Suisse des Administratrices, business angel, business teacher and jury member for several entrepreneurship awards. She was a member of ITU-T Focus Groups \u201cData Processing and Management to support IoT and Smart Cities &amp; Communities\u201d and \u201cDigital Financial Services\u201d. Prior to 2016, Nathalie worked for French banks where she gained extensive hands-on experience in analysing and monitoring big data in highly complex and international environments. At Soci\u00e9t\u00e9 G\u00e9n\u00e9rale headquarters where she held several senior positions, working on global retail banking profitability and credit risk monitoring. And at Caisse des D\u00e9p\u00f4ts (CDC) where she published her research on emerging market bond spreads and systemic risk, before to become an asset-liability manager. Nathalie holds a DEA in International Economics and Development from the University of Paris I Panth\u00e9on-Sorbonne and a Master of Economics Applied to Finance from the University of Paris IX Dauphine.<\/p>\n<\/div><\/blockquote>\n<\/div>            <\/div>\n                                                <div data-span=\"3\">\n                    <div class=\"ituContainer\">\n<div class=\"wp-block-columns is-layout-flex wp-container-core-columns-is-layout-8f761849 wp-block-columns-is-layout-flex\"><div class=\"ituContainer\">\n<div class=\"wp-block-column is-layout-flow wp-block-column-is-layout-flow\" style=\"flex-basis:100px\"><div class=\"wp-block-image\"><div class=\"ituContainer\">\n<figure class=\"aligncenter size-full is-resized\"><img loading=\"lazy\" decoding=\"async\" width=\"96\" height=\"96\" src=\"https:\/\/www.itu.int\/cities\/wp-content\/uploads\/2023\/07\/organization-2.jpg\" alt=\"\" class=\"wp-image-1460\" style=\"width:74px;height:74px\"\/><figcaption class=\"wp-element-caption\"><strong>Affiliation<\/strong><\/figcaption><\/figure>\n<\/div><\/div><\/div>\n<\/div>\n\n<div class=\"ituContainer\">\n<div class=\"wp-block-column is-vertically-aligned-center is-layout-flow wp-block-column-is-layout-flow\"><div class=\"ituContainer\">\n<p class=\"has-text-align-left wp-block-paragraph\"><strong><strong>NPBA<\/strong><\/strong><\/p>\n<\/div><\/div>\n<\/div><\/div>\n<\/div>                    <div class=\"ituContainer\">\n<div class=\"wp-block-columns is-layout-flex wp-container-core-columns-is-layout-8f761849 wp-block-columns-is-layout-flex\"><div class=\"ituContainer\">\n<div class=\"wp-block-column is-vertically-aligned-center is-layout-flow wp-block-column-is-layout-flow\" style=\"flex-basis:100px\"><div class=\"wp-block-image\"><div class=\"ituContainer\">\n<figure class=\"aligncenter size-full is-resized\"><img loading=\"lazy\" decoding=\"async\" width=\"96\" height=\"96\" src=\"https:\/\/www.itu.int\/cities\/wp-content\/uploads\/2023\/07\/Affliation-1.jpg\" alt=\"\" class=\"wp-image-1459\" style=\"width:72px;height:72px\"\/><figcaption class=\"wp-element-caption\"><strong>Profession<\/strong><\/figcaption><\/figure>\n<\/div><\/div><\/div>\n<\/div>\n\n<div class=\"ituContainer\">\n<div class=\"wp-block-column is-vertically-aligned-center is-layout-flow wp-block-column-is-layout-flow\"><div class=\"ituContainer\">\n<p class=\"has-text-align-left wp-block-paragraph\"><strong><strong>Director and Strategic Advisor<\/strong><\/strong><\/p>\n<\/div><\/div>\n<\/div><\/div>\n<\/div>            <\/div>\n                    <\/div>\n    <\/section>\n\n\n<div class=\"ituContainer\">\n<p class=\"wp-block-paragraph\"><a href=\"https:\/\/www.itu.int\/cities\/?page_id=1462\" data-type=\"URL\" data-id=\"standards4dt\"><strong>See all speakers &gt;<\/strong><\/a><\/p>\n<\/div><\/div>\n<\/div><\/div>\n<\/div>                    <\/div>\n    <\/div>\n","protected":false},"excerpt":{"rendered":"","protected":false},"author":10,"featured_media":0,"parent":234,"menu_order":0,"comment_status":"closed","ping_status":"closed","template":"","meta":{"_crdt_document":"","footnotes":""},"class_list":["post-1563","page","type-page","status-publish","hentry"],"featured_image_src":null,"featured_image_src_square":null,"_links":{"self":[{"href":"https:\/\/www.itu.int\/cities\/wp-json\/wp\/v2\/pages\/1563","targetHints":{"allow":["GET"]}}],"collection":[{"href":"https:\/\/www.itu.int\/cities\/wp-json\/wp\/v2\/pages"}],"about":[{"href":"https:\/\/www.itu.int\/cities\/wp-json\/wp\/v2\/types\/page"}],"author":[{"embeddable":true,"href":"https:\/\/www.itu.int\/cities\/wp-json\/wp\/v2\/users\/10"}],"replies":[{"embeddable":true,"href":"https:\/\/www.itu.int\/cities\/wp-json\/wp\/v2\/comments?post=1563"}],"version-history":[{"count":0,"href":"https:\/\/www.itu.int\/cities\/wp-json\/wp\/v2\/pages\/1563\/revisions"}],"up":[{"embeddable":true,"href":"https:\/\/www.itu.int\/cities\/wp-json\/wp\/v2\/pages\/234"}],"wp:attachment":[{"href":"https:\/\/www.itu.int\/cities\/wp-json\/wp\/v2\/media?parent=1563"}],"curies":[{"name":"wp","href":"https:\/\/api.w.org\/{rel}","templated":true}]}}